de 4707017?
False
Does 17 divide 101596845?
True
Does 137 divide 87738437?
False
Is 189210700 a multiple of 28?
True
Does 24 divide 1028540793?
False
Does 1315 divide 28280390?
True
Is 384182 a multiple of 3?
False
Is 1084011103 a multiple of 3825?
False
Is 20866755 a multiple of 1354?
False
Is 289178280 a multiple of 45?
True
Is 152 a factor of 33041433?
False
Is 248134517 a multiple of 9?
False
Is 639 a factor of 1682679339?
True
Does 73 divide 674439116?
True
Is 5110 a factor of 1977600660?
True
Is 185824396 a multiple of 967?
False
Is 6188 a factor of 283354708?
True
Is 2039978993 a multiple of 92?
False
Does 13 divide 93865213?
True
Is 91768288 a multiple of 60?
False
Does 9 divide 4045396?
False
Is 22390175 a multiple of 347?
True
Does 38 divide 710753216?
True
Is 312969045 a multiple of 14?
False
Does 20 divide 71669305?
False
Does 1083 divide 17634489?
True
Is 17803597 a multiple of 147?
False
Is 65547692 a multiple of 1448?
False
Does 107 divide 324855418?
False
Is 171985464 a multiple of 34?
True
Is 383954186 a multiple of 363?
False
Is 7341340 a multiple of 49?
False
Is 108356864 a multiple of 14?
True
Is 20 a factor of 24469451?
False
Is 4 a factor of 26413486?
False
Is 67374092 a multiple of 4?
True
Does 24 divide 183159724?
False
Is 131517585 a multiple of 45?
True
Does 3181 divide 1038440631?
True
Is 2 a factor of 2188077?
False
Is 2740019902 a multiple of 29?
False
Is 11 a factor of 660352213?
False
Is 247767158 a multiple of 4?
False
Does 69 divide 92364987?
True
Is 98 a factor of 164148432?
True
Is 143 a factor of 1520608804?
True
Is 166705680 a multiple of 708?
True
Is 11034542 a multiple of 8?
False
Does 308 divide 29582168?
True
Is 221 a factor of 105627171?
True
Is 7056464 even?
True
Is 192905142 a multiple of 113?
False
Does 970 divide 609545090?
True
Does 6 divide 34030350?
True
Does 1516 divide 67798961?
False
Does 43 divide 123668688?
True
Is 503 a factor of 59030923?
False
Is 15348149 a multiple of 71?
False
Is 52207509 a multiple of 730?
False
Does 436 divide 962848012?
True
Is 16 a factor of 22802848?
True
Does 855 divide 233061885?
True
Is 340375088 a multiple of 214?
False
Is 710488320 a multiple of 159?
True
Is 124189183 a multiple of 7?
False
Is 287 a factor of 12219886?
True
Is 10775960 a multiple of 460?
True
Is 2196054303 a multiple of 86?
False
Is 13993668 a multiple of 9?
True
Is 49 a factor of 1057459948?
False
Is 35 a factor of 10918985?
True
Does 6 divide 97884780?
True
Is 249 a factor of 22786737?
True
Is 17 a factor of 1676166901?
True
Does 826 divide 31483816?
True
Is 44 a factor of 274674565?
False
Is 1244 a factor of 97048074?
False
Is 16 a factor of 483657414?
False
Does 639 divide 73031310?
True
Is 230480926 a multiple of 26?
True
Is 7 a factor of 122146807?
False
Is 23002277 a multiple of 316?
False
Is 48985854 a multiple of 222?
True
Is 1739 a factor of 110772561?
True
Is 30 a factor of 6922500?
True
Is 459625356 a multiple of 12?
True
Is 63 a factor of 15725682?
True
Does 64 divide 171059968?
True
Is 9 a factor of 41429277?
True
Is 2084068 a multiple of 3?
False
Is 5621419 a multiple of 5?
False
Does 140 divide 30666954?
False
Is 17 a factor of 57900249?
True
Is 8034818 a multiple of 794?
False
Does 20 divide 268317540?
True
Is 3223 a factor of 285815640?
True
Does 2147 divide 2029023642?
False
Is 11552784 a multiple of 80?
False
Is 4091384990 a multiple of 77?
True
Is 185583765 a multiple of 445?
False
Is 163 a factor of 30037966?
True
Does 100 divide 1330589712?
False
Is 835615790 a multiple of 1442?
False
Is 172 a factor of 24782188?
False
Is 270026779 a multiple of 11?
True
Is 5564491 a multiple of 3?
False
Does 14 divide 213406173?
False
Is 20 a factor of 974018047?
False
Is 1524057661 a multiple of 2936?
False
Is 1414838700 a multiple of 45?
True
Does 8 divide 43038192?
True
Is 49 a factor of 25647007?
False
Is 278348217 a multiple of 28?
False
Is 89103601 a multiple of 70?
False
Is 79930365 a multiple of 71?
False
Does 44 divide 41182758?
False
Is 7 a factor of 20690856?
False
Is 3244 a factor of 323576024?
True
Is 19 a factor of 1279689311?
True
Does 4 divide 38477343?
False
Does 806 divide 27645610?
False
Is 150075186 a multiple of 114?
True
Is 49218000 a multiple of 6?
True
Does 20 divide 30886876?
False
Does 600 divide 1104401520?
False
Is 72 a factor of 270748728?
True
Is 2764447226 a multiple of 407?
False
Is 733724318 a multiple of 34?
True
Is 14 a factor of 40833926?
True
Does 669 divide 2300404?
False
Is 6835 a factor of 918186560?
True
Does 2601 divide 504534575?
False
Is 9 a factor of 17927721?
True
Is 2555 a factor of 397402145?
True
Is 2047 a factor of 42907167?
True
Does 278 divide 12717728?
False
Is 4386660 a multiple of 5?
True
Does 18 divide 1024344252?
True
Is 491 a factor of 2448126?
True
Is 140946907 a multiple of 16?
False
Is 173176873 a multiple of 345?
False
Is 118526645 a multiple of 15?
False
Is 11542 a factor of 1978853078?
False
Does 332 divide 57247231?
False
Is 355863222 a multiple of 198?
True
Is 621577557 a multiple of 31?
False
Is 3329 a factor of 297133224?
True
Does 35 divide 64031746?
False
Is 2517130 a multiple of 8?
False
Is 733770184 a multiple of 2989?
False
Is 163037845 a multiple of 5?
True
Is 50523050 a multiple of 18?
False
Is 19 a factor of 286968104?
False
Is 228956616 a multiple of 1764?
True
Does 11 divide 100664740?
True
Does 613 divide 4147462985?
True
Does 117 divide 26653315?
False
Is 569347758 a multiple of 118?
True
Does 1481 divide 1100491113?
True
Does 1183 divide 1707694335?
False
Is 84727823 a multiple of 1210?
False
Is 16596630 a multiple of 508?
False
Is 135 a factor of 549175276?
False
Does 914 divide 51773992?
False
Is 200005740 a multiple of 726?
True
Does 8 divide 31953176?
True
Is 8034560 a multiple of 2?
True
Is 20 a factor of 1441961220?
True
Is 303651398 a multiple of 42?
False
Is 11 a factor of 464940003?
True
Is 279455146 a multiple of 17?
True
Is 188575606 a multiple of 516?
False
Does 2331 divide 2762445522?
False
Is 103816185 a multiple of 11?
True
Is 103 a factor of 56728547?
False
Is 146925513 a multiple of 21?
True
Is 16 a factor of 386384448?
True
Is 3087980 a multiple of 70?
True
Is 114805133 a multiple of 925?
False
Is 16 a factor of 64770297?
False
Is 427912120 a multiple of 9?
False
Is 72944770 a multiple of 430?
True
Is 1800315750 a multiple of 6135?
True
Is 247571500 a multiple of 104?
False
Is 511 a factor of 99185299?
False
Is 344348420 a multiple of 689?
True
Is 251837730 a multiple of 9?
True
Is 17021 a factor of 3282766821?
False
Does 373 divide 2015042234?
True
Is 2 a factor of 60117728?
True
Is 918 a factor of 81299270?
False
Is 4 a factor of 5748776?
True
Is 222972462 a multiple of 237?
False
Does 959 divide 2303518?
True
Is 675 a factor of 1854367684?
False
Does 4115 divide 137058923?
False
Does 25 divide 461638600?
True
Is 396 a factor of 97800158?
False
Is 53573193 a multiple of 5?
False
Is 10010624 a multiple of 251?
False
Does 55 divide 2677235?
True
Is 2399508 even?
True
Does 486 divide 110968455?
False
Is 355 a factor of 5124070?
True
Is 176454154 a multiple of 29?
True
Is 1373504640 a multiple of 4360?
True
Is 396877001 a multiple of 982?
False
Does 17 divide 882779910?
True
Is 1294220000 a multiple of 6352?
True
Does 17 divide 263707026?
True
Is 10 a factor of 2791340?
True
Is 371 a factor of 435478316?
True
Does 362 divide 4956068152?
True
Does 3506 divide 231248748?
True
Is 12 a factor of 3109296?
True
Is 179805410 a multiple of 1346?
True
Is 209 a factor of 26452921?
True
Does 9 divide 24198909?
False
Does 151 divide 58648310?
False
Is 652824332 a multiple of 140?
False
Does 425 divide 559150804?
False
Is 272990770 a multiple of 991?
True
Is 475163930 a multiple of 2045?
True
Is 149 a factor of 123292349?
False
Is 3787860 even?
True
Is 683 a factor of 563147843?
True
Is 69 a factor of 179854551?
False
Does 12 divide 167920236?
True
Is 23194802 a multiple of 8?
False
Is 125 a factor of 7952154?
False
Does 990 divide 1491763075?
False
Is 21784147 a multiple of 7?
True
Does 85 divide 5917785?
True
Is 48875354 a multiple of 1133?
True
Is 12 a factor of 1670224692?
True
Is 84772332 a multiple of 18?
True
Is 30255568 a multiple of 604?
True
Does 24 divide 14287464?
True
Is 312151770 a mu